er?
True
Is 919 a prime number?
True
Is 797 prime?
True
Is 22853 a composite number?
False
Is 10799 composite?
False
Is 18527 a prime number?
False
Is 26087 a composite number?
True
Is 970633 a prime number?
True
Is 20153 prime?
False
Is 19373 a composite number?
False
Is 3899 a prime number?
False
Is 61001 a prime number?
True
Is 11239 a composite number?
False
Is 76611 prime?
False
Is 627541 composite?
False
Is 133519 prime?
True
Is 17859 prime?
False
Is 190621 a composite number?
True
Is 613549 a prime number?
True
Is 282049 a composite number?
True
Is 5981341 a composite number?
False
Is 88887 composite?
True
Is 112097 composite?
False
Is 419 a composite number?
False
Is 2815 composite?
True
Is 4201 prime?
True
Is 5227 a prime number?
True
Is 308731 composite?
True
Is 195103 composite?
False
Is 113065 a prime number?
False
Is 2413 a composite number?
True
Is 25919 a prime number?
True
Is 4831 prime?
True
Is 128287 a prime number?
True
Is 2749 composite?
False
Is 2809 a prime number?
False
Is 4391 a composite number?
False
Is 11413 composite?
True
Is 360391 composite?
False
Is 420523 composite?
True
Is 307223 composite?
True
Is 114877 composite?
True
Is 15499 a prime number?
False
Is 67699 a composite number?
False
Is 6393 prime?
False
Is 24319 a composite number?
True
Is 277963 prime?
False
Is 2101 a prime number?
False
Is 167387 prime?
False
Is 20555 a prime number?
False
Is 341269 a composite number?
False
Is 46993 a composite number?
False
Is 6941 prime?
False
Is 208417 composite?
True
Is 28901 prime?
True
Is 587237 a prime number?
False
Is 44699 prime?
True
Is 4241 prime?
True
Is 14815 prime?
False
Is 80257 composite?
True
Is 3419 a composite number?
True
Is 56941 a composite number?
False
Is 3571 a prime number?
True
Is 11105 composite?
True
Is 160219 a prime number?
False
Is 18661 a composite number?
False
Is 349963 a prime number?
True
Is 6385 prime?
False
Is 1610533 composite?
False
Is 3787 prime?
False
Is 35039 a composite number?
True
Is 9923 a prime number?
True
Is 184309 a prime number?
True
Is 134471 a composite number?
False
Is 13367 prime?
True
Is 110221 a prime number?
True
Is 466814 a prime number?
False
Is 3983 prime?
False
Is 15349 a prime number?
True
Is 317833 a prime number?
False
Is 346903 a prime number?
True
Is 674951 a composite number?
True
Is 9923 composite?
False
Is 21977 a prime number?
True
Is 170227 prime?
True
Is 36689 a prime number?
False
Is 76655 a composite number?
True
Is 1346 prime?
False
Is 136601 a composite number?
False
Is 41051 a composite number?
False
Is 4619 composite?
True
Is 8977 a prime number?
False
Is 12007 a composite number?
False
Is 384751 a prime number?
True
Is 57973 prime?
True
Is 11758 composite?
True
Is 13799 composite?
False
Is 272819 a prime number?
False
Is 7851 composite?
True
Is 75703 composite?
False
Is 42853 composite?
False
Is 1061 a composite number?
False
Is 991 a prime number?
True
Is 20869 a prime number?
False
Is 272693 a prime number?
True
Is 60691 composite?
True
Is 122217 a composite number?
True
Is 9127 prime?
True
Is 24071 a prime number?
True
Is 2159 prime?
False
Is 320723 a prime number?
False
Is 461341 composite?
True
Is 103921 composite?
True
Is 29303 prime?
True
Is 15493 prime?
True
Is 495949 prime?
False
Is 1783109 a prime number?
False
Is 54683 prime?
False
Is 20201 a composite number?
False
Is 147761 a composite number?
False
Is 388013 prime?
False
Is 333187 composite?
False
Is 3077 prime?
False
Is 28021 composite?
True
Is 37849 a prime number?
False
Is 407209 composite?
True
Is 1095665 a composite number?
True
Is 255079 a prime number?
False
Is 5963 a prime number?
False
Is 361993 a composite number?
False
Is 5959 composite?
True
Is 1839131 prime?
False
Is 461119 a composite number?
False
Is 42061 prime?
True
Is 8153 a composite number?
True
Is 8111 prime?
True
Is 49843 a prime number?
True
Is 40961 composite?
False
Is 60499 prime?
False
Is 258295 a prime number?
False
Is 67973 composite?
True
Is 4535 a prime number?
False
Is 5633 composite?
True
Is 1461781 composite?
False
Is 7481 a prime number?
True
Is 15727 composite?
False
Is 177286 prime?
False
Is 16855 composite?
True
Is 41105 prime?
False
Is 4153 a prime number?
True
Is 8705 a prime number?
False
Is 558167 a prime number?
True
Is 30209 composite?
True
Is 366441 composite?
True
Is 184901 a prime number?
True
Is 14507 prime?
False
Is 25301 composite?
False
Is 8311 a prime number?
True
Is 4507 a prime number?
True
Is 41045 a composite number?
True
Is 246757 prime?
False
Is 9727361 a prime number?
False
Is 195613 prime?
False
Is 925385 composite?
True
Is 46105 composite?
True
Is 3696227 a prime number?
True
Is 600791 a composite number?
False
Is 6659 composite?
False
Is 287627 a prime number?
False
Is 651229 a prime number?
False
Is 149857 composite?
True
Is 561047 composite?
False
Is 1067 a composite number?
True
Is 1358639 a composite number?
False
Is 272501 a composite number?
True
Is 55849 a composite number?
False
Is 75214 composite?
True
Is 1070962 a prime number?
False
Is 880483 prime?
True
Is 36467 a composite number?
False
Is 6134 a composite number?
True
Is 537343 prime?
True
Is 84377 composite?
False
Is 929 prime?
True
Is 3197 a composite number?
True
Is 25031 a prime number?
True
Is 196493 a composite number?
True
Is 6687539 a composite number?
False
Is 1361 prime?
True
Is 46229 prime?
True
Is 2183 a composite number?
True
Is 27301 a composite number?
True
Is 541 composite?
False
Is 2477 prime?
True
Is 961487 prime?
True
Is 8059 composite?
False
Is 174169 composite?
False
Is 102451 prime?
True
Is 85047 a prime number?
False
Is 14447 a prime number?
True
Is 575359 a prime number?
True
Is 3073 composite?
True
Is 113215 a composite number?
True
Is 2417243 composite?
False
Is 30341 a composite number?
False
Is 650813 prime?
True
Is 9961 a prime number?
False
Is 934541 prime?
False
Is 10687 a composite number?
False
Is 402277 composite?
False
Is 1135 prime?
False
Is 8461 composite?
False
Is 8663 prime?
True
Is 1116701 a composite number?
False
Is 54187 a composite number?
True
Is 1249 prime?
True
Is 58639 a prime number?
False
Is 13418 composite?
True
Is 92429 composite?
True
Is 50221 a prime number?
True
Is 14479 prime?
True
Is 564089 prime?
True
Is 1098953 a composite number?
False
Is 892427 prime?
False
Is 34223 composite?
True
Is 5713 a composite number?
True
Is 370619 composite?
False
Is 17179 prime?
False
Is 14131 composite?
True
Is 11677 prime?
True
Is 7451 prime?
True
Is 13261 a composite number?
True
Is 203531 a composite number?
False
Is 139541 a composite number?
True
Is 331663 a composite number?
False
Is 2152613 prime?
False
Is 245767 composite?
True
Is 4606301 a prime number?
False
Is 141418 a prime number?
False
Is 27179 a composite number?
False
Is 5567 prime?
False
Is 1409 a composite number?
False
Is 212411 composite?
False
Is 108233 a prime number?
True
Is 33457 prime?
True
Is 167861 a composite number?
False
Is 12589 prime?
True
Is 18021 composite?
True
Is 216257 prime?
False
Is 163 a prime number?
True
Is 4547 a prime number?
True
Is 4547 a composite number?
False
Is 7393 prime?
True
Is 65551 a prime number?
True
Is 1610053 composite?
True
Is 24907 composite?
False
Is 219209 prime?
False
Is 21991 a prime number?
True
Is 48445 prime?
False
Is 5345 prime?
False
Is 174441 a composite number?
True
Is 310957 a composite number?
True
Is 13001 a prime number?
True
Is 499 a composite number?
False
Is 44843 a composite number?
False
Is 81751 prime?
False
Is 233601 composite?
True
Is 124171 prime?
True
Is 170441 a prime number?
True
Is 1087 composite?
False
Is 15634 a prime number?
False
Is 21961 a prime number?
True
Is 4236545 prime?
False
Is 901 a composite number?
True
Is 146819 prime?
True
Is 13333 a composite number?
True
Is 6469 prime?
True
Is 41126 composite?
True
Is 34949 a composite number?
False
Is 37211 composite?
True
Is 1138321 prime?
False
Is 702007 prime?
True
Is 2045 a prime number?
False
Is 17707 a composite number?
False
Is 350839 a prime number?
False
Is 49331 a prime number?
True
Is 115459 a prime number?
True
Is 78229 a composite number?
False
Is 537766 prime?
False
Is 139767 a composite number?
True
Is 137723 prime?
True
Is 118117 a prime number?
False
Is 